{"id":467,"date":"2026-02-05T06:48:10","date_gmt":"2026-02-05T06:48:10","guid":{"rendered":"https:\/\/mariaenmanuel.com\/wordpress\/?page_id=467"},"modified":"2026-02-05T06:57:52","modified_gmt":"2026-02-05T06:57:52","slug":"me-spa","status":"publish","type":"page","link":"https:\/\/mariaenmanuel.com\/index.php\/me-spa\/","title":{"rendered":"ME-SPA"},"content":{"rendered":"\t\t<div data-elementor-type=\"wp-page\" data-elementor-id=\"467\" class=\"elementor elementor-467\" data-elementor-post-type=\"page\">\n\t\t\t\t\t\t<section class=\"elementor-section elementor-top-section elementor-element elementor-element-1bf0b24 elementor-section-boxed elementor-section-height-default elementor-section-height-default\" data-id=\"1bf0b24\" data-element_type=\"section\" data-e-type=\"section\">\n\t\t\t\t\t\t<div class=\"elementor-container elementor-column-gap-default\">\n\t\t\t\t\t<div class=\"elementor-column elementor-col-66 elementor-top-column elementor-element elementor-element-ca9acfd\" data-id=\"ca9acfd\" data-element_type=\"column\" data-e-type=\"column\">\n\t\t\t<div class=\"elementor-widget-wrap elementor-element-populated\">\n\t\t\t\t\t\t<div class=\"elementor-element elementor-element-33eee3e elementor-widget elementor-widget-text-editor\" data-id=\"33eee3e\" data-element_type=\"widget\" data-e-type=\"widget\" data-widget_type=\"text-editor.default\">\n\t\t\t\t<div class=\"elementor-widget-container\">\n\t\t\t\t\t\t\t\t\t<p>Dr. Maria Enmanuel, PhD<\/p>\t\t\t\t\t\t\t\t<\/div>\n\t\t\t\t<\/div>\n\t\t\t\t<div class=\"elementor-element elementor-element-dddb8d1 elementor-widget elementor-widget-text-editor\" data-id=\"dddb8d1\" data-element_type=\"widget\" data-e-type=\"widget\" data-widget_type=\"text-editor.default\">\n\t\t\t\t<div class=\"elementor-widget-container\">\n\t\t\t\t\t\t\t\t\t<p>Especialista en Ciencias Humanas | Artista Multidisciplinar | Educador Global<\/p>\t\t\t\t\t\t\t\t<\/div>\n\t\t\t\t<\/div>\n\t\t\t\t\t<\/div>\n\t\t<\/div>\n\t\t\t\t<div class=\"elementor-column elementor-col-33 elementor-top-column elementor-element elementor-element-77e127a\" data-id=\"77e127a\" data-element_type=\"column\" data-e-type=\"column\">\n\t\t\t<div class=\"elementor-widget-wrap\">\n\t\t\t\t\t\t\t<\/div>\n\t\t<\/div>\n\t\t\t\t\t<\/div>\n\t\t<\/section>\n\t\t\t\t<section class=\"elementor-section elementor-top-section elementor-element elementor-element-a1299b4 elementor-section-boxed elementor-section-height-default elementor-section-height-default\" data-id=\"a1299b4\" data-element_type=\"section\" data-e-type=\"section\">\n\t\t\t\t\t\t<div class=\"elementor-container elementor-column-gap-default\">\n\t\t\t\t\t<div class=\"elementor-column elementor-col-66 elementor-top-column elementor-element elementor-element-3284e62\" data-id=\"3284e62\" data-element_type=\"column\" data-e-type=\"column\">\n\t\t\t<div class=\"elementor-widget-wrap elementor-element-populated\">\n\t\t\t\t\t\t<div class=\"elementor-element elementor-element-6bc89f5 elementor-widget elementor-widget-text-editor\" data-id=\"6bc89f5\" data-element_type=\"widget\" data-e-type=\"widget\" data-widget_type=\"text-editor.default\">\n\t\t\t\t<div class=\"elementor-widget-container\">\n\t\t\t\t\t\t\t\t\t<p data-path-to-node=\"1\">La Dra. Mar\u00eda Enmanuel es una apasionada fil\u00e1ntropa de la era moderna: Doctora (PhD) en Ciencias Humanas, artista, conferencista y educadora dedicada. Con una carrera que abarca Venezuela, M\u00e9xico, Colombia, Panam\u00e1 y los Estados Unidos, la Dra. Enmanuel aporta una perspectiva multicultural a cada proyecto y desaf\u00edo.<\/p>\n<p data-path-to-node=\"2\">Nacida en Maracaibo, Venezuela, y actualmente radicada en Schaumburg, Illinois, la Dra. Enmanuel ha cultivado una metodolog\u00eda \u00fanica. Su modelo ecl\u00e9ctico integra el rigor cient\u00edfico (matem\u00e1ticas, f\u00edsica, tendencias e investigaci\u00f3n) con la experiencia educativa (mentoria, pedagog\u00eda y did\u00e1ctica) y el alma art\u00edstica (Gestalt, m\u00fasica, dise\u00f1o y expresi\u00f3n creativa) para fomentar el crecimiento interior y el empoderamiento.<\/p>\n<p data-path-to-node=\"3\">Hoy en d\u00eda, el portafolio de la Dra. Enmanuel se erige como un testimonio vivo del poder del &#8220;Ser Humano Integral&#8221;: un esp\u00edritu que enfrenta la adversidad con resiliencia y nunca se rinde.<\/p>\n<p data-path-to-node=\"4\">Operando en m\u00faltiples dimensiones, aplica sus diversos talentos para remodelar la forma en que aprendemos y sentimos. Es Profesora Universitaria de Gerencia y Liderazgo, as\u00ed como una din\u00e1mica maestra sustituta (PK-12) de Matem\u00e1ticas, F\u00edsica, Tecnolog\u00eda, Ciencias, Ingenier\u00eda y M\u00fasica. Sus contribuciones intelectuales abarcan art\u00edculos cient\u00edficos, cap\u00edtulos de libros y manuales de trabajo.<\/p>\n<p data-path-to-node=\"5\">Su expresi\u00f3n art\u00edstica es igualmente vasta: desde las artes visuales en pastel al \u00f3leo y acr\u00edlico hasta el intrincado oficio artesanal del tejido con cuentas (beadwork). Como mentora de talentos e int\u00e9rprete, produce locuciones profesionales (voice-over) y contenido de video, mientras comparte su m\u00fasica en el ukelele, el cuatro venezolano, el piano y la guitarra.<\/p>\n<p data-path-to-node=\"6\">La Dra. Enmanuel aporta esta visi\u00f3n hol\u00edstica para ir m\u00e1s all\u00e1 de la simple creaci\u00f3n. Ella sirve como un catalizador unificado para una profunda transformaci\u00f3n personal y organizacional, utilizando el arte, el intelecto y la emoci\u00f3n como herramientas para un viaje unificado hacia una mejor humanidad.<\/p>\t\t\t\t\t\t\t\t<\/div>\n\t\t\t\t<\/div>\n\t\t\t\t\t<\/div>\n\t\t<\/div>\n\t\t\t\t<div class=\"elementor-column elementor-col-33 elementor-top-column elementor-element elementor-element-b51b9fb\" data-id=\"b51b9fb\" data-element_type=\"column\" data-e-type=\"column\">\n\t\t\t<div class=\"elementor-widget-wrap elementor-element-populated\">\n\t\t\t\t\t\t<div class=\"elementor-element elementor-element-0e3b774 elementor-widget elementor-widget-image\" data-id=\"0e3b774\" data-element_type=\"widget\" data-e-type=\"widget\" data-widget_type=\"image.default\">\n\t\t\t\t<div class=\"elementor-widget-container\">\n\t\t\t\t\t\t\t\t\t\t\t\t\t\t\t<img alt=\"\" fetchpriority=\"high\" decoding=\"async\" width=\"1707\" height=\"2560\" src=\"https:\/\/mariaenmanuel.com\/wp-content\/uploads\/2026\/02\/Yo.jpg\" class=\"attachment-full size-full wp-image-219\" alt=\"\" srcset=\"https:\/\/mariaenmanuel.com\/wp-content\/uploads\/2026\/02\/Yo.jpg 1707w, https:\/\/mariaenmanuel.com\/wp-content\/uploads\/2026\/02\/Yo-200x300.jpg 200w, https:\/\/mariaenmanuel.com\/wp-content\/uploads\/2026\/02\/Yo-683x1024.jpg 683w, https:\/\/mariaenmanuel.com\/wp-content\/uploads\/2026\/02\/Yo-768x1152.jpg 768w, https:\/\/mariaenmanuel.com\/wp-content\/uploads\/2026\/02\/Yo-1024x1536.jpg 1024w, https:\/\/mariaenmanuel.com\/wp-content\/uploads\/2026\/02\/Yo-1366x2048.jpg 1366w, https:\/\/mariaenmanuel.com\/wp-content\/uploads\/2026\/02\/elementor\/thumbs\/Yo-rimnpub64d8uf0xs3a5ajsrwyo80wae45l94tpso9s.jpg 800w\" sizes=\"(max-width: 1707px) 100vw, 1707px\" \/>\t\t\t\t\t\t\t\t\t\t\t\t\t\t\t<\/div>\n\t\t\t\t<\/div>\n\t\t\t\t\t<\/div>\n\t\t<\/div>\n\t\t\t\t\t<\/div>\n\t\t<\/section>\n\t\t\t\t<section class=\"elementor-section elementor-top-section elementor-element elementor-element-fc1aea0 elementor-section-boxed elementor-section-height-default elementor-section-height-default\" data-id=\"fc1aea0\" data-element_type=\"section\" data-e-type=\"section\">\n\t\t\t\t\t\t<div class=\"elementor-container elementor-column-gap-default\">\n\t\t\t\t\t<div class=\"elementor-column elementor-col-100 elementor-top-column elementor-element elementor-element-af0681d\" data-id=\"af0681d\" data-element_type=\"column\" data-e-type=\"column\">\n\t\t\t<div class=\"elementor-widget-wrap\">\n\t\t\t\t\t\t\t<\/div>\n\t\t<\/div>\n\t\t\t\t\t<\/div>\n\t\t<\/section>\n\t\t\t\t<section class=\"elementor-section elementor-top-section elementor-element elementor-element-2b14ea1 elementor-section-boxed elementor-section-height-default elementor-section-height-default\" data-id=\"2b14ea1\" data-element_type=\"section\" data-e-type=\"section\">\n\t\t\t\t\t\t<div class=\"elementor-container elementor-column-gap-default\">\n\t\t\t\t\t<div class=\"elementor-column elementor-col-100 elementor-top-column elementor-element elementor-element-fcc77be\" data-id=\"fcc77be\" data-element_type=\"column\" data-e-type=\"column\">\n\t\t\t<div class=\"elementor-widget-wrap\">\n\t\t\t\t\t\t\t<\/div>\n\t\t<\/div>\n\t\t\t\t\t<\/div>\n\t\t<\/section>\n\t\t\t\t<\/div>\n\t\t","protected":false},"excerpt":{"rendered":"<p>Dr. Maria Enmanuel, PhD Especialista en Ciencias Humanas | Artista Multidisciplinar | Educador Global La Dra. Mar\u00eda Enmanuel es una apasionada fil\u00e1ntropa de la era moderna: Doctora (PhD) en Ciencias Humanas, artista, conferencista y educadora dedicada. Con una carrera que abarca Venezuela, M\u00e9xico, Colombia, Panam\u00e1 y los Estados Unidos, la Dra. Enmanuel aporta una perspectiva [&hellip;]<\/p>\n","protected":false},"author":1,"featured_media":60,"parent":0,"menu_order":0,"comment_status":"closed","ping_status":"closed","template":"elementor_header_footer","meta":{"_seopress_robots_primary_cat":"","_seopress_titles_title":"me-spa","_seopress_titles_desc":"Mentor, Advisor, Consultant, Business Coach, University Professor, Project Manager, Quality and Metrics Leader, Services Director Schaumburg Hoffman Estates Illinois Chicago Barrington Elgin Elm Hurst","_seopress_robots_index":"","footnotes":""},"class_list":["post-467","page","type-page","status-publish","has-post-thumbnail","hentry"],"jetpack_sharing_enabled":true,"_links":{"self":[{"href":"https:\/\/mariaenmanuel.com\/index.php\/wp-json\/wp\/v2\/pages\/467","targetHints":{"allow":["GET"]}}],"collection":[{"href":"https:\/\/mariaenmanuel.com\/index.php\/wp-json\/wp\/v2\/pages"}],"about":[{"href":"https:\/\/mariaenmanuel.com\/index.php\/wp-json\/wp\/v2\/types\/page"}],"author":[{"embeddable":true,"href":"https:\/\/mariaenmanuel.com\/index.php\/wp-json\/wp\/v2\/users\/1"}],"replies":[{"embeddable":true,"href":"https:\/\/mariaenmanuel.com\/index.php\/wp-json\/wp\/v2\/comments?post=467"}],"version-history":[{"count":7,"href":"https:\/\/mariaenmanuel.com\/index.php\/wp-json\/wp\/v2\/pages\/467\/revisions"}],"predecessor-version":[{"id":475,"href":"https:\/\/mariaenmanuel.com\/index.php\/wp-json\/wp\/v2\/pages\/467\/revisions\/475"}],"wp:featuredmedia":[{"embeddable":true,"href":"https:\/\/mariaenmanuel.com\/index.php\/wp-json\/wp\/v2\/media\/60"}],"wp:attachment":[{"href":"https:\/\/mariaenmanuel.com\/index.php\/wp-json\/wp\/v2\/media?parent=467"}],"curies":[{"name":"wp","href":"https:\/\/api.w.org\/{rel}","templated":true}]}}